he units digit of 1234 - 4*(-14)/8?
1
Let s = 12 - 12. Suppose s = 4*z - 2*z - 5*f - 49, -z = 5*f + 13. Suppose -z*p + 15*p = 102. What is the tens digit of p?
3
Suppose 42*o + 348 = 54654. What is the hundreds digit of o?
2
Let s be (-13 + (-1 - -4))*(-19)/(-2). Let p = s - -215. What is the hundreds digit of p?
1
Let m(j) = -j**3 + 3*j**2 + 4*j. What is the tens digit of m(3)?
1
Let p = 340 + 244. Suppose -4*u + p = 3*c - 63, 0 = -2*u - 8. What is the tens digit of c?
2
Let s be (-402)/(-4) + 6/(-12). Suppose x = j - 180, 3*x + 255 = 2*j - s. What is the tens digit of (-2)/(1 + j/(-175))?
3
Let c = -1 + 3. Suppose 6*h - 360 = 2*h - g, -180 = -c*h + 5*g. Suppose 0 = 3*s - s + 10, -h = -3*z + 3*s. What is the units digit of z?
5
Let x(a) = -a**3 - 14*a**2 - 12*a + 15. Let s be x(-13). Suppose u = -s*u + 186. What is the units digit of u?
2
Let l be 4 - (6 + (5 - 11) + 6). Let u(i) = -74*i**2 + 5*i - 6. Let v(p) = -15*p**2 + p - 1. Let m(x) = 2*u(x) - 11*v(x). What is the tens digit of m(l)?
6
Let z be (-4 + -16)/(4/6). Let m be 8/5*z/(-12). Let p(t) = t**3 + 3*t - 7. What is the tens digit of p(m)?
6
Let o = 0 - -7. Let l(y) = -y + 12. Let h be l(o). Suppose h*v - j - 8 = 90, -2*j = 3*v - 51. What is the tens digit of v?
1
Suppose 3*i - 3*l = 414, 27*l = 26*l - 2. What is the units digit of i?
6
Let y(p) = -259*p + 26. Let w(n) = -52*n + 5. Let q(b) = -11*w(b) + 2*y(b). Let g be q(2). Suppose -5*z + 0*z + g = 0. What is the units digit of z?
1
Suppose 0 = 4*n - 51 + 19. Suppose 27 = 11*o - n*o. What is the units digit of o?
9
Let y be (6/8)/((-24)/(-64)). Suppose y*a + a = -3*o - 15, -39 = 3*o - 3*a. What is the units digit of 8 - 5 - o/1?
2
Let a = -168 + 303. Suppose -3*f + r + 98 = 0, 3*r - a = -5*f - r. What is the units digit of f?
1
Let a = 2296 - 870. What is the units digit of a?
6
Let s(t) = -t**2 + 2*t + 2. Let o be s(0). Suppose 7*m = o*m - 20. What is the units digit of ((-16)/24)/(m/342)?
7
Suppose -2*h - 7 = -3. What is the tens digit of (-6 - -2)*33/h?
6
Let c(z) = -z**2 - 8*z - 4. Let q be c(-7). Suppose 249 = 4*k - s + 4*s, -q*k - 5*s = -184. What is the tens digit of k?
6
Let l(g) = -g**2 + 4*g + 245. What is the hundreds digit of l(0)?
2
Let r(s) be the second derivative of -s**5/20 + 3*s**4/4 + 7*s**3/6 - 9*s**2 - 2*s. What is the tens digit of r(8)?
0
Suppose -30*d = -3*d - 30942. What is the thousands digit of d?
1
Suppose 0 = -17*h + 42 + 179. What is the units digit of h?
3
Let u = 2785 - 1535. What is the thousands digit of u?
1
Suppose -5828 = -2*j - 3*n, 7*j - 4*j - 5*n - 8742 = 0. What is the units digit of j?
4
Let w(g) = g**2 + 5*g. Let n be w(-5). Let o be (0 + n)*2/(-4). Suppose o*l - 2*l + 46 = 0. What is the tens digit of l?
2
What is the units digit of 21/(-24)*-115 - 21/(-56)?
1
Let i(v) = -2*v + 3. Let r be i(2). Let z be (366/r)/(-2) + -2. Suppose -5*d = 2*j - z, 8*d + 5*j = 3*d + 190. What is the tens digit of d?
3
Let p = -110 + 114. Suppose -5*v + 55 = 5*r - 0*v, 0 = r + p*v - 20. What is the units digit of r?
8
Let c(i) = 6 + 3*i + i + 2*i**2 + 0*i + i. What is the tens digit of c(-6)?
4
Let k(v) = 1104*v + 3. What is the hundreds digit of k(1)?
1
Let q = 113 - 34. Let n(v) = v**2 + 3*v + 2. Let f be n(-2). Suppose f = -j - 2*w + q - 28, 3*w = -6. What is the tens digit of j?
5
Suppose 1 - 9 = -5*v - 3*m, 0 = v - m - 8. Let j = 9 - v. Suppose -j*u = -u - 4. What is the units digit of u?
1
Let r(u) = -4*u + 40*u - 26 - 9*u. What is the tens digit of r(4)?
8
What is the units digit of (-3)/(84/8) + 60990/70?
1
Suppose 2*i = -0 + 94. What is the tens digit of (-2)/(-4 - 0)*(-1 + i)?
2
Let b = 1700 + 2536. What is the units digit of b?
6
Let x be (-1)/(-6) + 65/6. What is the units digit of (77/11)/(1/x)?
7
Let i = 11 - 5. Let f(g) = g**3 - 6*g**2 + 2*g - 8. Let s be f(i). Suppose 7*m - 108 = s*m. What is the units digit of m?
6
Suppose -4*c + 5*z + 2661 = 0, 0 = 2*c + 3*z - 230 - 1117. What is the tens digit of c?
6
Let w(a) = -6*a + 4. Let g be w(-3). What is the units digit of (-1755)/(-33) + (-4)/g?
3
Let l(k) = -2*k - 5. Let m be l(-5). Suppose 2*s + 3*s - m = 0. What is the units digit of (8/(-6) + s)*-6?
2
Let o(s) = 4*s - 10. Suppose -3*f + f - 26 = 0. Let a = f - -23. What is the units digit of o(a)?
0
Suppose 2*q - 3101 = -3*c, -2*q - c + 880 = -2231. What is the hundreds digit of q?
5
Let r(f) = 2*f**2 + 4*f + 4. Let i(l) be the second derivative of -l**3/3 + 11*l**2/2 + 7*l. Let o be i(7). What is the units digit of r(o)?
0
Let w = 14 - 11. Let j(r) = r + r + 2 - 10*r - w. What is the tens digit of j(-3)?
2
Let p = 27 - 9. Let r = 52 - 48. What is the tens digit of p/9*22/r?
1
Let x be (-2)/(-6)*-62*18. What is the units digit of 2/7 - x/21?
8
Suppose -3*y - 3*z + 210 = -189, 4*z - 148 = -y. Suppose 2*q + 2*s + 38 = y, -q = 2*s - 41. What is the units digit of q?
9
What is the tens digit of (-2018)/(-4) + -1 + 193/(-386)?
0
Let a(z) = 22*z**2 + 3*z - 21. What is the hundreds digit of a(-5)?
5
Let s = -5 - -1124. What is the thousands digit of s?
1
Let n be (0 + 0 - 3) + -2. Let m(j) = -j**2 - 7*j - 8. Let h be m(n). Suppose -f - v + 53 = -0*f, 0 = h*f - v - 109. What is the units digit of f?
4
Let y be (0 - -73)*((-1)/1 - -3). Suppose 0 = -14*b + 15*b - y. What is the hundreds digit of b?
1
Let h be (4 - -4)*(0 - -2). Suppose -2*c + h = -20. What is the units digit of c + 2 + -4 + 3?
9
Let z(r) = 4*r**2 - 5*r + 1. Suppose 2*l - 5*p + 13 = -5, -4*l - 4*p = 8. What is the tens digit of z(l)?
8
Let q(p) = -8*p + 2. Let w be q(-17). Let g = w - 42. Suppose -x + 4*x = g. What is the tens digit of x?
3
Let w = -5 - 1. Let h(u) = -7*u + 5. Let a(t) = t. Let m(s) = w*a(s) - h(s). What is the units digit of m(12)?
7
Let t(i) = 190*i - 26. What is the tens digit of t(3)?
4
Suppose -4*v - 2015 = -3*g, 0 = -2*g + 4*v + 141 + 1205. What is the tens digit of g?
6
Let i = -8 - -27. Let l = i + -9. What is the units digit of ((-75)/l)/((-2)/4)?
5
Let y(n) = -n**3 + 2*n**2 + 6*n - 9. Let a(x) = -x**2 + x - 1. Let o(j) = -3*a(j) + y(j). Suppose 7*m = 41 - 6. What is the units digit of o(m)?
9
Let i(y) = -11*y**2 + 14*y + 2. Let t(l) = -4*l**2 + 5*l + 1. Let w(c) = -3*i(c) + 8*t(c). Let o be w(-7). Let p = 135 - o. What is the units digit of p?
0
Let t = -3184 + 4817. What is the units digit of t?
3
Let o = 19 - 28. Let x = o - -5. Let s(b) = 2*b**2 + 5*b + 6. What is the tens digit of s(x)?
1
Suppose -4*o = 3 - 11. Let l be (1 - 2) + o - 41. What is the units digit of 24/l + 208/5?
1
Suppose -4*w - 4*f + 2842 + 350 = 0, 5*f = -2*w + 1581. What is the units digit of w?
3
Let l = 79 - 102. Let u = l - -38. What is the tens digit of u?
1
Let w(m) = m**2 + 11*m - 41. Let f be w(-17). What is the units digit of f/4 - 27/(-36)?
6
Suppose -12*l - 1809 = -21*l. What is the tens digit of l?
0
Let g(z) = -3 + 1 + z**2 + 1 + 18 - 15*z. What is the tens digit of g(16)?
3
Let w(u) = 28*u + 26. What is the units digit of w(26)?
4
Suppose -4*q + 0*q - 26 = 2*n, 4*n - 2*q = -12. Let m(o) = o**3 + 6*o**2 + o + 4. Let a be m(n). Suppose a = -3*v + 5*v. What is the units digit of v?
2
Let m be (-3 + 1)*(-5 + 3). Suppose o + m = -2. Let u = o + 33. What is the tens digit of u?
2
Let q(z) = -z**3 + 15*z**2 - 21*z + 22. What is the units digit of q(9)?
9
Suppose 3*k = 101 + 34. Suppose -l = -0*l - k. What is the tens digit of l?
4
Suppose -7*b + 12*b - 30 = 0. Suppose 4*f - 4*s = 100, 105 = 5*f - 0*s - s. Suppose -3*g + 4*v - b*v = -62, g + v - f = 0. What is the tens digit of g?
2
Let j be ((-4)/6)/((-2)/12). Suppose 0 = 5*r - j*t - 672, 4*r + 10*t = 5*t + 513. What is the units digit of r?
2
Let v(r) = r**2 + 15*r - 23. Let z(h) = -3*h**2 - 46*h + 70. Let o(g) = -8*v(g) - 3*z(g). What is the units digit of o(-20)?
4
Let z = 31 - 4. Let r = 34 - z. What is the units digit of r?
7
Let t(q) = -q**2 + 4*q + 6. Let b be (-6)/(-3) - 5/(-5). Let n be t(b). Let x(k) = 5*k - 3. What is the units digit of x(n)?
2
Suppose l - 3*r + 6 = 0, 5*l - r - 9 = r. Suppose 4 = l*k - 11. Suppose 0 = k*g + 5*f - 45, 0*f - 22 = -2*g - f. What is the tens digit of g?
1
Let s be 6/51 + 8/(-68). Suppose s*l = -l + 82. Suppose x = 2*a - l, -5*a - 2*x + 205 = -x. What is the tens digit of a?
4
Let c be ((-20)/(-5) - 1) + -3. Suppose c = 5*r + 2*r - 238. W